e 8) in base 16?
-2da
What is -4b7 (base 14) in base 10?
-945
341004 (base 6) to base 11
1a650
What is 1606 (base 7) in base 5?
10033
What is 4414 (base 5) in base 9?
746
21031 (base 4) to base 13
364
What is -14470 (base 8) in base 2?
-1100100111000
What is 2544 (base 8) in base 15?
620
Convert -23817 (base 11) to base 12.
-179b1
20166 (base 9) to base 7
53445
Convert -10131 (base 4) to base 11.
-23a
-112111020 (base 3) to base 10
-10563
Convert 22 (base 13) to base 7.
40
What is 2100220 (base 3) in base 8?
3275
Convert 202002 (base 3) to base 16.
21e
Convert -51a (base 12) to base 2.
-1011100110
-110011000100 (base 2) to base 12
-1a84
Convert -b (base 13) to base 15.
-b
Convert -323 (base 6) to base 12.
-a3
Convert c8 (base 13) to base 2.
10100100
Convert 15a5 (base 15) to base 3.
20101102
Convert 20 (base 9) to base 12.
16
Convert 5275 (base 12) to base 4.
2030321
Convert -273 (base 13) to base 2.
-110110000
-125455 (base 7) to base 15
-6eaa
What is 6496 (base 11) in base 6?
103411
1001010100 (base 2) to base 5
4341
-61876 (base 9) to base 4
-21331230
What is 110101000011 (base 2) in base 5?
102040
Convert -2465 (base 9) to base 12.
-1095
What is 154b (base 14) in base 8?
7317
Convert -420100 (base 5) to base 6.
-143435
What is 112013 (base 5) in base 15?
12c3
What is 1011101000011 (base 2) in base 3?
22011120
What is -3bd (base 16) in base 11?
-7a0
Convert 1566 (base 12) to base 10.
2526
Convert -1936 (base 10) to base 2.
-11110010000
Convert 40695 (base 10) to base 5.
2300240
1000101011 (base 2) to base 15
270
Convert 3110 (base 7) to base 14.
577
150b (base 16) to base 8
12413
-8167 (base 10) to base 7
-32545
-230053 (base 6) to base 3
-222201020
What is -120 (base 12) in base 14?
-c0
43855 (base 9) to base 10
29129
What is 485 (base 16) in base 9?
1525
2412a (base 13) to base 7
363520
-14 (base 10) to base 16
-e
Convert 34400 (base 6) to base 5.
124041
What is 8d4 (base 15) in base 3?
2202001
Convert 35142 (base 6) to base 9.
6808
What is -3220422 (base 5) in base 3?
-2202202001
2301 (base 7) to base 4
31002
22206 (base 7) to base 2
1010111011000
What is 1010000101100001 (base 2) in base 7?
231306
158 (base 15) to base 16
134
13460 (base 10) to base 16
3494
141104 (base 6) to base 5
410331
Convert -27121 (base 11) to base 3.
-1222010221
What is 1101122 (base 4) in base 12?
3022
Convert -151 (base 9) to base 4.
-1333
1111010010 (base 2) to base 14
4dc
Convert -16783 (base 9) to base 11.
-8775
Convert 21745 (base 11) to base 12.
16299
Convert 33052 (base 8) to base 15.
4196
What is 10010011100010 (base 2) in base 10?
9442
-1000011100000111 (base 2) to base 12
-18007
Convert -2a3 (base 11) to base 3.
-111011
What is 977 (base 15) in base 5?
32022
6329 (base 12) to base 9
15766
-1772 (base 8) to base 16
-3fa
-1d93a (base 14) to base 9
-125107
-3549 (base 14) to base 5
-244102
Convert -100010010101 (base 2) to base 3.
-10000101
What is 1244 (base 8) in base 6?
3044
Convert 12a6 (base 11) to base 14.
889
Convert 2666 (base 8) to base 9.
2004
Convert 10102003 (base 4) to base 10.
17539
Convert 4318 (base 12) to base 16.
1cc4
What is 422e (base 15) in base 7?
55541
Convert -104 (base 5) to base 3.
-1002
-1173 (base 12) to base 11
-1521
What is 1101100001101 (base 2) in base 7?
26122
What is -1410440 (base 5) in base 12?
-1485a
11943 (base 11) to base 14
6340
-111022 (base 5) to base 14
-15b9
Convert -13330003 (base 4) to base 13.
-11a52
What is 201222 (base 5) in base 9?
8742
9382 (base 11) to base 16
3090
Convert -2170 (base 10) to base 12.
-130a
-b458 (base 13) to base 10
-24916
What is -22230 (base 9) in base 16?
-39b1
-6100 (base 10) to base 9
-8327
-57a2 (base 12) to base 6
-113122
What is 113 (base 7) in base 10?
59
Convert -21743 (base 9) to base 13.
-6771
What is -11010 (base 2) in base 14?
-1c
25586 (base 9) to base 2
100001101100010
Convert c6ba (base 15) to base 8.
122051
1832 (base 9) to base 4
111332
Convert -453 (base 12) to base 16.
-27f
1a91 (base 13) to base 14
1661
Convert 1100113 (base 4) to base 10.
5143
Convert -125 (base 13) to base 16.
-c8
What is 442 (base 15) in base 8?
1702
Convert 133 (base 16) to base 4.
10303
Convert -531 (base 8) to base 16.
-159
Convert 113 (base 16) to base 11.
230
What is 31b (base 12) in base 13?
290
Convert 142435 (base 7) to base 16.
6ab7
What is -91c (base 14) in base 12?
-1052
1ba (base 15) to base 10
400
Convert 9716 (base 12) to base 13.
7713
Convert -1e42 (base 15) to base 8.
-14673
145 (base 13) to base 3
22101
Convert -185a8 (base 14) to base 6.
-1152412
Convert -c92 (base 13) to base 14.
-ad5
-8208 (base 9) to base 4
-1131302
Convert -23d (base 15) to base 14.
-284
-3030 (base 4) to base 7
-411
What is -5d (base 14) in base 5?
-313
What is 15649 (base 12) in base 14?
b081
126534 (base 7) to base 10
23937
-351 (base 9) to base 8
-441
-23414 (base 5) to base 9
-2336
What is 531 (base 16) in base 5?
20304
What is 4236 (base 10) in base 15?
13c6
Convert -7407 (base 15) to base 2.
-101111111010100
Convert -1202022 (base 3) to base 6.
-5525
Convert -20001122 (base 3) to base 5.
-120133
2069 (base 15) to base 4
1223001
What is -205332 (base 7) in base 9?
-53623
20303 (base 8) to base 13
3a82
What is 1000211 (base 3) in base 10?
751
What is 1113335 (base 6) in base 5?
3302012
What is -206 (base 16) in base 8?
-1006
-2c (base 15) to base 13
-33
-1302a (base 11) to base 13
-865b
What is 2303 (base 9) in base 10?
1704
Convert 2767 (base 8) to base 4.
113313
Convert 1021130 (base 4) to base 13.
21a7
What is 33211333 (base 4) in base 16?
f97f
Convert 13332232 (base 4) to base 8.
77656
What is -11100010 (base 2) in base 8?
-342
Convert -2102011 (base 3) to base 15.
-7c4
Convert -11136 (base 7) to base 3.
-10212110
-10245 (base 7) to base 3
-10110210
4b0 (base 12) to base 13
426
Convert 111001010 (base 2) to base 10.
458
What is -102 (base 9) in base 16?
-53
What is -5512 (base 14) in base 8?
-34574
Convert -21230 (base 6) to base 16.
-b52
Convert 432 (base 10) to base 2.
110110000
What is 18393 (base 10) in base 3?
221020020
Convert 30043 (base 6) to base 9.
5330
-615 (base 13) to base 5
-13112
Convert -126 (base 15) to base 9.
-320
Convert -322 (base 11) to base 15.
-1ac
Convert -1220 (base 7) to base 13.
-290
8637 (base 9) to base 15
1d37
Convert -2031243 (base 5) to base 11.
-23044
285 (base 11) to base 8
517
27551 (base 8) to base 3
121122112
1203000 (base 6) to base 7
351153
bb1 (base 15) to base 9
3554
1a93 (base 12) to base 9
4443
2c4c (base 13) to base 10
6486
-1018 (base 9) to base 16
-2ea
What is 7555 (base 10) in base 16?
1d83
Convert 2202133 (base 4) to base 2.
10100010011111
Convert 1c53 (base 15) to base 10.
6153
4515 (base 12) to base 7
31205
What is 17562 (base 9) in base 12?
7025
-300323 (base 4) to base 6
-22255
-1100 (base 3) to base 12
-30
What is -1000220010 (base 3) in base 5?
-1122314
What is 11111001110 (base 2) in base 9?
2660
Convert 317 (base 14) to base 13.
37b
What is -1022220 (base 6) in base 3?
-2112021010
What is -22 (base 14) in base 5?
-110
What is -1d5 (base 15) in base 9?
-522
What is -5696 (base 12) in base 14?
-3710
Convert -3a34 (base 11) to base 8.
-12170
What is 11001012100 (base 3) in base 7?
451041
Convert -1144 (base 9) to base 6.
-3534
What is -4279 (base 11) in base 8?
-13024
Convert 12cd (base 15) to base 9.
5454
What is -651 (base 14) in base 16?
-4df
1296 (base 12) to base 7
6132
Convert -1824 (base 9) to base 14.
-71d
Convert 41280 (base 10) to base 12.
1ba80
Convert 545 (base 12) to base 15.
368
Convert -1b4 (base 15) to base 16.
-18a
338 (base 11) to base 10
404
-26255 (base 12) to base 3
-2122121002
Convert 1054 (base 14) to base 5.
42233
Convert -102220 (base 4) to base 15.
-547
15674 (base 14) to base 7
311504
What is 120600 (base 7) in base 9?
33036
Convert 10110101000000 (base 2) to base 9.
16801
Convert 100002 (base 3) to base 8.
365
What is 22 (base 5) in base 14?
c
What is 8319 (base 12) in base 13?
6663
Convert -30704 (base 10) to base 15.
-916e
-faad (base 16) to base 6
-1213033
Convert 6745 (base 8) to base 3.
11212202
-13a7 (base 11) to base 7
-5165
Convert -1410 (base 8) to base 3.
-1001202
Convert -4360 (base 9) to base 10.
-3213
123313 (base 5) to base 15
1673
-2d8a (base 14) to base 4
-1333132
21032 (base 4) to base 15
295
Con